*2 - 8*a + 10. Let g be i(7). Let h(s) be the second derivative of -s**3/6 - 2*s**2 + 206*s - 2. What is h(g)?
-7
Let l(v) = -12*v**2 + 5*v - 2. Let i(c) = 18*c**2 - 7*c + 3. Let w(p) = -5*i(p) - 7*l(p). Let q(m) = -m**2 - 6*m - 6. Let g be q(-5). Calculate w(g).
-7
Let k(b) be the third derivative of 0*b - 7/60*b**5 - 1/120*b**6 + 0 - 1/4*b**4 - b**3 + 14*b**2. What is k(-6)?
-6
Let h(v) be the first derivative of -v**5/20 - v**4/3 - v**3/6 - v**2/2 - 13*v + 5. Let z(x) be the first derivative of h(x). Give z(-4).
3
Let n(r) be the third derivative of -r**5/60 - r**4/24 + 5*r**3/6 - r**2. Suppose -3*c = 1 + 11. Determine n(c).
-7
Let t(v) = -13*v - 1. Let o be ((-3)/(-1 - -7))/((-4)/(-8)). What is t(o)?
12
Let s be (-45)/(-6)*4/(-5). Let w(i) = i**3 - i**2 + 2*i + 194. Let g be w(0). Let f(u) = -193*u**2 + g*u**2 - 6 + 6*u + 3. Give f(s).
-3
Let o = 179 - 172. Let w(k) be the first derivative of o*k + 5 + 3/2*k**2. Calculate w(-5).
-8
Let c(z) be the third derivative of 0*z**4 - 1/6*z**3 + 0 - 1/120*z**6 + 1/15*z**5 + 0*z + 14*z**2. Let v be ((-3)/2)/(6/(-16)). Determine c(v).
-1
Let g(z) = 2*z**2 - 2*z. Let q be g(1). Suppose 2*m + q*m - 4 = 0. Let l(c) = -7 + m*c + c**2 + 3 - 8*c. Calculate l(5).
-9
Let w(x) = -2*x + 7. Let l = 20 + -17. Let g be w(l). Let k(s) = 1 - 2*s - s + g. Give k(2).
-4
Let p(j) = -j**2 - 12*j - 20. Let a be p(-10). Suppose a*m + 6 = -3*m. Let v(s) = 4*s**2 - s + 2. Calculate v(m).
20
Let t(s) = s. Let i(l) = -l**2 - 13*l + 193. Let f be i(-22). Determine t(f).
-5
Let i be (2 - ((2 - 4) + 1))/1. Let d(w) = i*w + w - 2*w. Calculate d(5).
10
Let m(k) = 4*k + 6*k + 4*k + k**2 - 12*k - 4. Determine m(3).
11
Let c(p) = -3*p**2 - p - 4. Let a be -3 + 1*-4 + (-10 - -14). Determine c(a).
-28
Let c(a) = a**3 + 3*a**2 - 4*a - 1. Let s = 8 + -35. Suppose -2*o - 23 = -3*o. Let v = o + s. Calculate c(v).
-1
Let c(r) = r**2 - 5*r + 3. Let y be (-6)/30 + 3/5*17. Suppose -20 = -y*t + 20. What is c(t)?
-1
Let m(c) be the first derivative of 1/24*c**5 + 1/4*c**4 + 1/360*c**6 + 0*c**2 + 1/3*c**3 - 2 + 0*c. Let v(g) be the third derivative of m(g). Give v(-5).
6
Let r(b) = -2*b**2 + 14*b - 1. Let z(u) = u**2 - 2*u + 1. Let v(s) = r(s) + 3*z(s). Determine v(-8).
2
Suppose 2*k - 2*m = 3*m + 1, 2*k - 10 = -4*m. Let l(q) = q + 0*q + q**2 + 6*q - k - 3*q. Let h be (-203)/28 - (-15)/12. Determine l(h).
9
Let z(h) be the third derivative of -h**6/120 + h**5/12 + h**4/4 - h**3 - 3*h**2. Suppose -2*l + 43 = -23. Let c = l - 27. Give z(c).
-6
Let q(p) = -p - 4. Let m be (-10 - -3)/((-2)/6). Suppose 0 = -3*v - m. Calculate q(v).
3
Suppose 0 = -p - 1 - 7. Let k(a) = -a**2 - 9*a + 6. Give k(p).
14
Let h(x) = -4*x**2 - 9*x + 7. Let q(v) = -3*v**2 - 8*v + 7. Let l(y) = -2*h(y) + 3*q(y). Calculate l(-7).
0
Let n(p) = p**3 - 8*p**2 - 8*p - 10. Suppose 0 = y - 4*y + 27. Let x be n(y). Let u be (-14)/16 + x/8. Let c(k) = -5*k**2 + k + 1. Calculate c(u).
-5
Let u(q) = q**3 + 4*q**2 - 7*q - 5. Let t be 0/5 - (-45)/(-9). Determine u(t).
5
Let t = -7 - -10. Let y(c) = -3*c**3 + 4*c**2 + 7*c - 7. Let j(r) = 16*r**3 - 21*r**2 - 36*r + 37. Let m(q) = 2*j(q) + 11*y(q). Calculate m(t).
3
Let z(d) = 16*d. Let g(s) = -s**2 + 15*s + 125. Let w be g(21). Determine z(w).
-16
Suppose r = 2*r - 2. Let f be ((-40)/(-15))/(r/3). Suppose 5*s = -5*o - 15, f*s - 13 = 3*o + 3*s. Let n(w) = -w**3 - 4*w**2 + 4*w - 1. Give n(o).
-17
Suppose z + 5*v = 15, 3*z + 3 = 2*z + 4*v. Let i(a) = -3*a**3 + 7*a**2 + 6*a - 13. Let x(s) = -2*s**3 + 5*s**2 + 4*s - 9. Let c(n) = z*i(n) - 7*x(n). Give c(2).
-6
Let o(h) = -h**3 + 7*h**2 - 7*h + 7. Suppose 17*i - 24 = -4*y + 18*i, -3*y + 18 = 2*i. Determine o(y).
1
Let d(c) = 3*c**3 + 2*c**2 + 4*c - 4. Let f(a) = 2*a**3 + a**2 + 4*a - 4. Let y(v) = -3*d(v) + 4*f(v). What is y(-4)?
12
Let q(c) = c + 0*c**2 - 1 + 4*c**2 + 2*c**2. Let o(z) = 3*z**3 - 5*z**3 + z**3. Let m be o(-1). Determine q(m).
6
Suppose 3*w - 21 = 3*r, -3*w + 9 = -0*r + 3*r. Let g(q) = -3*q + w + 2*q - 2. What is g(-4)?
7
Let h(a) be the third derivative of -a**5/60 + a**4/3 - 5*a**3/6 - a**2 - 15*a. Let j(u) = u**3 + 11*u**2 + u + 15. Let i be j(-11). What is h(i)?
11
Suppose u = 3*u - 4*p + 10, 4*u + 5*p - 32 = 0. Let r(w) be the first derivative of -6*w - 1/4*w**4 - 7/3*w**u - 3*w**2 - 2. Determine r(-6).
-6
Let v(p) = 5*p + 0*p - p. Let s(i) = 7*i. Let u be s(-2). Let r(z) = z**2 + 15*z + 10. Let l be r(u). Determine v(l).
-16
Let y(c) = -12*c**3 + 7*c**2 - 12*c + 1. Let o(r) = -7*r**3 + 3*r**2 - 7*r. Let w(x) = 5*o(x) - 3*y(x). Determine w(6).
3
Suppose 0 = 6*b - 3*b. Let c(y) = -y**2 + 2*y - 2. Let d be c(b). Let x(p) = -2*p**3 - 2*p**2 - 3*p. What is x(d)?
14
Let l = 6578 - 6574. Let o(z) = 0*z - 3*z + z**2 + 3 - 3*z. What is o(l)?
-5
Let s be 6 + (-18)/15*5. Let v(f) = -f + 12. What is v(s)?
12
Let a(x) = -x + 5*x - 3*x - 4. Let j(r) be the second derivative of r**3/2 + 2*r**2 + 36*r. Let s be j(0). Determine a(s).
0
Let l(w) = 9 + 0*w - 3*w - 20 + 6*w. Let d be l(2). Let m(p) = 2*p**2 + 5*p - 4. What is m(d)?
21
Let n(t) be the first derivative of t**5/120 - t**3/3 + 11. Let c(p) be the third derivative of n(p). What is c(-7)?
-7
Suppose 2*g - u + 1 = 0, -g = -5*u + 21 - 7. Let d be (-8)/g - 15/(-5). Let a(q) = q**3 + 5*q**2 - q - 6. What is a(d)?
-1
Suppose 3*q - 692 = 3*r + 1531, 0 = -3*r + 9. Let h(b) = -b**2 - q*b - 5 + 375*b + 374*b. Give h(5).
-5
Let b = 12 + -11. Let u(g) be the third derivative of 0 - 1/6*g**3 + 3/8*g**4 - 4*g**2 + 0*g. Give u(b).
8
Let j(y) = -3*y - 52. Let m be ((-57)/(-3))/(-6 + (-3 - -8)). Calculate j(m).
5
Let y be 156/(-104) - 30/(-4). Let q(p) = p**3 - 5*p**2 - 5*p + 3. Give q(y).
9
Let h(w) be the third derivative of -w**6/120 - w**5/20 + w**4/6 + 2*w**3/3 - w**2. Suppose 7*f + 0 + 21 = 0. Give h(f).
-8
Let w(j) = -j + 17. Let h be ((-357)/28)/17 + 27/4. Calculate w(h).
11
Let t(x) = 3*x - 10. Let w(h) = -5*h + 19. Let k(y) = 7*t(y) + 4*w(y). Give k(0).
6
Let x(d) be the second derivative of -d**5/20 - 5*d**4/12 - d**3/6 + 2*d. Suppose 7*g = 4*g + p - 15, 4*g + 20 = -3*p. Determine x(g).
5
Let k(h) be the second derivative of -h**4/12 + 2*h**3/3 + 5*h**2/2 - 3*h - 16. What is k(-2)?
-7
Let l(g) = 11*g - 3. Let y = -232 - -234. Determine l(y).
19
Let g(s) be the second derivative of s**7/2520 + 7*s**6/720 - s**5/120 + 13*s**4/6 - 29*s. Let j(l) be the third derivative of g(l). What is j(-6)?
-7
Let z(g) = -2*g + 8. Let o be z(3). Suppose -o*t - 3*t + 35 = 0. Let u(v) = v**2 - 6*v - 1. What is u(t)?
6
Let s = -498 - -502. Let j(w) be the first derivative of s - 3/2*w**2 + w. Determine j(2).
-5
Let r(q) = -8*q**2 + 7*q - 3*q**2 - 5 - 4*q**2 + 5*q**2 + 9*q**2. Let w be (6/8)/((-2)/(-16)). Determine r(w).
1
Suppose u - 2*g - 8 = 0, u + 16 = 6*u - 2*g. Let d(r) be the second derivative of 1/12*r**4 - 1/2*r**u - 4*r + 2/3*r**3 + 0. Give d(-5).
4
Let a(m) = -6*m - 5 + 18 - 4 - m**2. Let b be a(-8). Let t(c) = -c**3 - 6*c**2 + 7*c - 2. What is t(b)?
-2
Let w(u) = 9*u + 27. Let t be -10 + (-3)/(24/(-64)). Give w(t).
9
Let t(w) = 5*w**2 + 2*w + 2. Let i be t(-1). Let r(c) = -i*c + 2*c + 0 + 2*c + 6. Calculate r(6).
0
Suppose 4*m = 21 - 45. Let y(f) = -f**3 - 5*f**2 + 7*f + 1. What is y(m)?
-5
Let l(d) = 12*d + 1. Suppose -17*x - 20 = -37*x. Calculate l(x).
13
Let p(i) = -i**3 + 9*i**2 + 2*i. Let w(d) = d**2 - 59*d - 381. Let h be w(65). Calculate p(h).
18
Let u(z) = -2*z + 11. Let n(i) = 8*i**2 + 3*i + 6. Let h be n(-2). Let f = 41 - h. Give u(f).
-7
Let a(s) = 2*s - 1. Let r = -41 + 42. What is a(r)?
1
Let g = -189 - -189. Suppose 2*j = j. Let b(s) = 2*s + j*s - 3 - s. What is b(g)?
-3
Let y(k) = 7*k + 2. Let l be y(2). Suppose 0 = 4*g - l - 0. Let c(u) be the second derivative of -u**3/6 - u**2/2 + 12*u. Give c(g).
-5
Suppose -19*a = 168 + 41. Let n(j) = j + 14. Determine n(a).
3
Let g = -13 - -22. Let k = 8 - g. Let x(n) = -3 + 3*n**3 + 0*n**3 - n + 0*n**3 + 2. What is x(k)?
-3
Suppose 0*r = 4*r - 12. Let s(j) be the first derivative of j**4/4 - j**3 + j**2 + j - 6. Determine s(r).
7
Let q = 6 + 0. Let i be q*(-3)/6 - -3. Let b(m) = 3 - m + 8 - m**2 + 0 + m**3. What is b(i)?
11
Let t(j) = -3*j - 23. Let x(v) = -2*v - 13. Let s(o) = -4*t(o) + 7*x(o). Suppose 2*y + 4 = y. What is s(y)?
9
Let f be (-244)/16 + 50/40. Let c(y) = y**3 + 14*y**2 + y 